{"id":255,"date":"2025-08-17T17:39:31","date_gmt":"2025-08-17T15:39:31","guid":{"rendered":"https:\/\/kollektivdesgutenwillens.com\/?page_id=255"},"modified":"2025-08-20T17:31:42","modified_gmt":"2025-08-20T15:31:42","slug":"roborasenmaeher","status":"publish","type":"page","link":"https:\/\/kollektivdesgutenwillens.com\/?page_id=255","title":{"rendered":"Roborasenm\u00e4her"},"content":{"rendered":"\t\t<div data-elementor-type=\"wp-page\" data-elementor-id=\"255\" class=\"elementor elementor-255\" data-elementor-post-type=\"page\">\n\t\t\t\t<div class=\"elementor-element elementor-element-10e7941 e-flex e-con-boxed e-con e-parent\" data-id=\"10e7941\" data-element_type=\"container\">\n\t\t\t\t\t<div class=\"e-con-inner\">\n\t\t<div class=\"elementor-element elementor-element-9eb196e e-con-full e-flex e-con e-child\" data-id=\"9eb196e\" data-element_type=\"container\">\n\t\t<div class=\"elementor-element elementor-element-9cfe482 e-con-full e-flex e-con e-child\" data-id=\"9cfe482\" data-element_type=\"container\">\n\t\t\t\t<div class=\"elementor-element elementor-element-b9294a5 elementor-widget elementor-widget-heading\" data-id=\"b9294a5\" data-element_type=\"widget\" data-widget_type=\"heading.default\">\n\t\t\t\t\t<h2 class=\"elementor-heading-title elementor-size-default\">Roborasenm\u00e4her<br>\n2025<\/h2>\t\t\t\t<\/div>\n\t\t\t\t<div class=\"elementor-element elementor-element-e2873db elementor-widget__width-initial elementor-widget elementor-widget-heading\" data-id=\"e2873db\" data-element_type=\"widget\" data-widget_type=\"heading.default\">\n\t\t\t\t\t<h2 class=\"elementor-heading-title elementor-size-default\"><a href=\"https:\/\/kollektivdesgutenwillens.com\/aufruhr-500\/\">Mit<br>Kai G\u00f6tting, Uwe Schmieder und Claudius Skorski\n<br><br>\nVideo<br>\nJosephine D\u00fcrr, Max Wigger<\/a><\/h2>\t\t\t\t<\/div>\n\t\t\t\t<\/div>\n\t\t<div class=\"elementor-element elementor-element-62dedac e-con-full e-flex e-con e-child\" data-id=\"62dedac\" data-element_type=\"container\">\n\t\t\t\t<div class=\"elementor-element elementor-element-136f3f3 elementor-widget elementor-widget-video\" data-id=\"136f3f3\" data-element_type=\"widget\" data-settings=\"{&quot;youtube_url&quot;:&quot;https:\\\/\\\/www.youtube.com\\\/watch?v=dEE2VJkBuUE&quot;,&quot;video_type&quot;:&quot;youtube&quot;,&quot;controls&quot;:&quot;yes&quot;}\" data-widget_type=\"video.default\">\n\t\t\t\t\t\t\t<div class=\"elementor-wrapper elementor-open-inline\">\n\t\t\t<div class=\"elementor-video\"><\/div>\t\t<\/div>\n\t\t\t\t\t\t<\/div>\n\t\t\t\t<div class=\"elementor-element elementor-element-5e39454 elementor-widget elementor-widget-image\" data-id=\"5e39454\" data-element_type=\"widget\" data-widget_type=\"image.default\">\n\t\t\t\t\t\t\t\t\t\t\t\t\t\t\t<img fetchpriority=\"high\" decoding=\"async\" width=\"800\" height=\"448\" src=\"https:\/\/kollektivdesgutenwillens.com\/wp-content\/uploads\/2025\/08\/Bildschirmfoto-2025-06-16-um-12.38.28-1024x574.png\" class=\"attachment-large size-large wp-image-180\" alt=\"\" srcset=\"https:\/\/kollektivdesgutenwillens.com\/wp-content\/uploads\/2025\/08\/Bildschirmfoto-2025-06-16-um-12.38.28-1024x574.png 1024w, https:\/\/kollektivdesgutenwillens.com\/wp-content\/uploads\/2025\/08\/Bildschirmfoto-2025-06-16-um-12.38.28-300x168.png 300w, https:\/\/kollektivdesgutenwillens.com\/wp-content\/uploads\/2025\/08\/Bildschirmfoto-2025-06-16-um-12.38.28-768x430.png 768w, https:\/\/kollektivdesgutenwillens.com\/wp-content\/uploads\/2025\/08\/Bildschirmfoto-2025-06-16-um-12.38.28-1536x861.png 1536w, https:\/\/kollektivdesgutenwillens.com\/wp-content\/uploads\/2025\/08\/Bildschirmfoto-2025-06-16-um-12.38.28-2048x1148.png 2048w\" sizes=\"(max-width: 800px) 100vw, 800px\" \/>\t\t\t\t\t\t\t\t\t\t\t\t\t\t\t<\/div>\n\t\t\t\t<div class=\"elementor-element elementor-element-745bb35 elementor-widget elementor-widget-image\" data-id=\"745bb35\" data-element_type=\"widget\" data-widget_type=\"image.default\">\n\t\t\t\t\t\t\t\t\t\t\t\t\t\t\t<img decoding=\"async\" width=\"800\" height=\"451\" src=\"https:\/\/kollektivdesgutenwillens.com\/wp-content\/uploads\/2025\/08\/Bildschirmfoto-2025-06-16-um-12.36.59-1024x577.png\" class=\"attachment-large size-large wp-image-397\" alt=\"\" srcset=\"https:\/\/kollektivdesgutenwillens.com\/wp-content\/uploads\/2025\/08\/Bildschirmfoto-2025-06-16-um-12.36.59-1024x577.png 1024w, https:\/\/kollektivdesgutenwillens.com\/wp-content\/uploads\/2025\/08\/Bildschirmfoto-2025-06-16-um-12.36.59-300x169.png 300w, https:\/\/kollektivdesgutenwillens.com\/wp-content\/uploads\/2025\/08\/Bildschirmfoto-2025-06-16-um-12.36.59-768x433.png 768w, https:\/\/kollektivdesgutenwillens.com\/wp-content\/uploads\/2025\/08\/Bildschirmfoto-2025-06-16-um-12.36.59-1536x866.png 1536w, https:\/\/kollektivdesgutenwillens.com\/wp-content\/uploads\/2025\/08\/Bildschirmfoto-2025-06-16-um-12.36.59-2048x1154.png 2048w\" sizes=\"(max-width: 800px) 100vw, 800px\" \/>\t\t\t\t\t\t\t\t\t\t\t\t\t\t\t<\/div>\n\t\t\t\t<div class=\"elementor-element elementor-element-0b187d2 elementor-widget elementor-widget-image\" data-id=\"0b187d2\" data-element_type=\"widget\" data-widget_type=\"image.default\">\n\t\t\t\t\t\t\t\t\t\t\t\t\t\t\t<img decoding=\"async\" width=\"800\" height=\"448\" src=\"https:\/\/kollektivdesgutenwillens.com\/wp-content\/uploads\/2025\/08\/Bildschirmfoto-2025-06-16-um-12.37.36-1024x573.png\" class=\"attachment-large size-large wp-image-398\" alt=\"\" srcset=\"https:\/\/kollektivdesgutenwillens.com\/wp-content\/uploads\/2025\/08\/Bildschirmfoto-2025-06-16-um-12.37.36-1024x573.png 1024w, https:\/\/kollektivdesgutenwillens.com\/wp-content\/uploads\/2025\/08\/Bildschirmfoto-2025-06-16-um-12.37.36-300x168.png 300w, https:\/\/kollektivdesgutenwillens.com\/wp-content\/uploads\/2025\/08\/Bildschirmfoto-2025-06-16-um-12.37.36-768x430.png 768w, https:\/\/kollektivdesgutenwillens.com\/wp-content\/uploads\/2025\/08\/Bildschirmfoto-2025-06-16-um-12.37.36-1536x860.png 1536w, https:\/\/kollektivdesgutenwillens.com\/wp-content\/uploads\/2025\/08\/Bildschirmfoto-2025-06-16-um-12.37.36-2048x1146.png 2048w\" sizes=\"(max-width: 800px) 100vw, 800px\" \/>\t\t\t\t\t\t\t\t\t\t\t\t\t\t\t<\/div>\n\t\t\t\t<div class=\"elementor-element elementor-element-b7e51b3 elementor-widget elementor-widget-image\" data-id=\"b7e51b3\" data-element_type=\"widget\" data-widget_type=\"image.default\">\n\t\t\t\t\t\t\t\t\t\t\t\t\t\t\t<img loading=\"lazy\" decoding=\"async\" width=\"800\" height=\"449\" src=\"https:\/\/kollektivdesgutenwillens.com\/wp-content\/uploads\/2025\/08\/Bildschirmfoto-2025-06-16-um-12.39.01-1024x575.png\" class=\"attachment-large size-large wp-image-399\" alt=\"\" srcset=\"https:\/\/kollektivdesgutenwillens.com\/wp-content\/uploads\/2025\/08\/Bildschirmfoto-2025-06-16-um-12.39.01-1024x575.png 1024w, https:\/\/kollektivdesgutenwillens.com\/wp-content\/uploads\/2025\/08\/Bildschirmfoto-2025-06-16-um-12.39.01-300x168.png 300w, https:\/\/kollektivdesgutenwillens.com\/wp-content\/uploads\/2025\/08\/Bildschirmfoto-2025-06-16-um-12.39.01-768x431.png 768w, https:\/\/kollektivdesgutenwillens.com\/wp-content\/uploads\/2025\/08\/Bildschirmfoto-2025-06-16-um-12.39.01-1536x863.png 1536w, https:\/\/kollektivdesgutenwillens.com\/wp-content\/uploads\/2025\/08\/Bildschirmfoto-2025-06-16-um-12.39.01-2048x1150.png 2048w\" sizes=\"(max-width: 800px) 100vw, 800px\" \/>\t\t\t\t\t\t\t\t\t\t\t\t\t\t\t<\/div>\n\t\t\t\t<div class=\"elementor-element elementor-element-d6314e5 elementor-widget elementor-widget-image\" data-id=\"d6314e5\" data-element_type=\"widget\" data-widget_type=\"image.default\">\n\t\t\t\t\t\t\t\t\t\t\t\t\t\t\t<img loading=\"lazy\" decoding=\"async\" width=\"800\" height=\"445\" src=\"https:\/\/kollektivdesgutenwillens.com\/wp-content\/uploads\/2025\/08\/Bildschirmfoto-2025-06-16-um-12.40.04-1024x570.png\" class=\"attachment-large size-large wp-image-400\" alt=\"\" srcset=\"https:\/\/kollektivdesgutenwillens.com\/wp-content\/uploads\/2025\/08\/Bildschirmfoto-2025-06-16-um-12.40.04-1024x570.png 1024w, https:\/\/kollektivdesgutenwillens.com\/wp-content\/uploads\/2025\/08\/Bildschirmfoto-2025-06-16-um-12.40.04-300x167.png 300w, https:\/\/kollektivdesgutenwillens.com\/wp-content\/uploads\/2025\/08\/Bildschirmfoto-2025-06-16-um-12.40.04-768x427.png 768w, https:\/\/kollektivdesgutenwillens.com\/wp-content\/uploads\/2025\/08\/Bildschirmfoto-2025-06-16-um-12.40.04-1536x855.png 1536w, https:\/\/kollektivdesgutenwillens.com\/wp-content\/uploads\/2025\/08\/Bildschirmfoto-2025-06-16-um-12.40.04-2048x1140.png 2048w\" sizes=\"(max-width: 800px) 100vw, 800px\" \/>\t\t\t\t\t\t\t\t\t\t\t\t\t\t\t<\/div>\n\t\t\t\t<div class=\"elementor-element elementor-element-d52ff62 elementor-widget elementor-widget-image\" data-id=\"d52ff62\" data-element_type=\"widget\" data-widget_type=\"image.default\">\n\t\t\t\t\t\t\t\t\t\t\t\t\t\t\t<img loading=\"lazy\" decoding=\"async\" width=\"800\" height=\"447\" src=\"https:\/\/kollektivdesgutenwillens.com\/wp-content\/uploads\/2025\/08\/Bildschirmfoto-2025-06-16-um-12.41.23-1024x572.png\" class=\"attachment-large size-large wp-image-401\" alt=\"\" srcset=\"https:\/\/kollektivdesgutenwillens.com\/wp-content\/uploads\/2025\/08\/Bildschirmfoto-2025-06-16-um-12.41.23-1024x572.png 1024w, https:\/\/kollektivdesgutenwillens.com\/wp-content\/uploads\/2025\/08\/Bildschirmfoto-2025-06-16-um-12.41.23-300x167.png 300w, https:\/\/kollektivdesgutenwillens.com\/wp-content\/uploads\/2025\/08\/Bildschirmfoto-2025-06-16-um-12.41.23-768x429.png 768w, https:\/\/kollektivdesgutenwillens.com\/wp-content\/uploads\/2025\/08\/Bildschirmfoto-2025-06-16-um-12.41.23-1536x857.png 1536w, https:\/\/kollektivdesgutenwillens.com\/wp-content\/uploads\/2025\/08\/Bildschirmfoto-2025-06-16-um-12.41.23-2048x1143.png 2048w\" sizes=\"(max-width: 800px) 100vw, 800px\" \/>\t\t\t\t\t\t\t\t\t\t\t\t\t\t\t<\/div>\n\t\t\t\t<div class=\"elementor-element elementor-element-9179b59 elementor-widget elementor-widget-image\" data-id=\"9179b59\" data-element_type=\"widget\" data-widget_type=\"image.default\">\n\t\t\t\t\t\t\t\t\t\t\t\t\t\t\t<img loading=\"lazy\" decoding=\"async\" width=\"800\" height=\"447\" src=\"https:\/\/kollektivdesgutenwillens.com\/wp-content\/uploads\/2025\/08\/Bildschirmfoto-2025-06-16-um-12.41.53-1024x572.png\" class=\"attachment-large size-large wp-image-402\" alt=\"\" srcset=\"https:\/\/kollektivdesgutenwillens.com\/wp-content\/uploads\/2025\/08\/Bildschirmfoto-2025-06-16-um-12.41.53-1024x572.png 1024w, https:\/\/kollektivdesgutenwillens.com\/wp-content\/uploads\/2025\/08\/Bildschirmfoto-2025-06-16-um-12.41.53-300x167.png 300w, https:\/\/kollektivdesgutenwillens.com\/wp-content\/uploads\/2025\/08\/Bildschirmfoto-2025-06-16-um-12.41.53-768x429.png 768w, https:\/\/kollektivdesgutenwillens.com\/wp-content\/uploads\/2025\/08\/Bildschirmfoto-2025-06-16-um-12.41.53-1536x857.png 1536w, https:\/\/kollektivdesgutenwillens.com\/wp-content\/uploads\/2025\/08\/Bildschirmfoto-2025-06-16-um-12.41.53-2048x1143.png 2048w\" sizes=\"(max-width: 800px) 100vw, 800px\" \/>\t\t\t\t\t\t\t\t\t\t\t\t\t\t\t<\/div>\n\t\t\t\t<div class=\"elementor-element elementor-element-5150a5a elementor-widget elementor-widget-image\" data-id=\"5150a5a\" data-element_type=\"widget\" data-widget_type=\"image.default\">\n\t\t\t\t\t\t\t\t\t\t\t\t\t\t\t<img loading=\"lazy\" decoding=\"async\" width=\"800\" height=\"445\" src=\"https:\/\/kollektivdesgutenwillens.com\/wp-content\/uploads\/2025\/08\/Bildschirmfoto-2025-06-16-um-12.42.49-1024x569.png\" class=\"attachment-large size-large wp-image-403\" alt=\"\" srcset=\"https:\/\/kollektivdesgutenwillens.com\/wp-content\/uploads\/2025\/08\/Bildschirmfoto-2025-06-16-um-12.42.49-1024x569.png 1024w, https:\/\/kollektivdesgutenwillens.com\/wp-content\/uploads\/2025\/08\/Bildschirmfoto-2025-06-16-um-12.42.49-300x167.png 300w, https:\/\/kollektivdesgutenwillens.com\/wp-content\/uploads\/2025\/08\/Bildschirmfoto-2025-06-16-um-12.42.49-768x427.png 768w, https:\/\/kollektivdesgutenwillens.com\/wp-content\/uploads\/2025\/08\/Bildschirmfoto-2025-06-16-um-12.42.49-1536x854.png 1536w, https:\/\/kollektivdesgutenwillens.com\/wp-content\/uploads\/2025\/08\/Bildschirmfoto-2025-06-16-um-12.42.49-2048x1139.png 2048w\" sizes=\"(max-width: 800px) 100vw, 800px\" \/>\t\t\t\t\t\t\t\t\t\t\t\t\t\t\t<\/div>\n\t\t\t\t<div class=\"elementor-element elementor-element-743be11 elementor-widget elementor-widget-image\" data-id=\"743be11\" data-element_type=\"widget\" data-widget_type=\"image.default\">\n\t\t\t\t\t\t\t\t\t\t\t\t\t\t\t<img loading=\"lazy\" decoding=\"async\" width=\"800\" height=\"444\" src=\"https:\/\/kollektivdesgutenwillens.com\/wp-content\/uploads\/2025\/08\/Bildschirmfoto-2025-06-16-um-12.44.10-1024x568.png\" class=\"attachment-large size-large wp-image-404\" alt=\"\" srcset=\"https:\/\/kollektivdesgutenwillens.com\/wp-content\/uploads\/2025\/08\/Bildschirmfoto-2025-06-16-um-12.44.10-1024x568.png 1024w, https:\/\/kollektivdesgutenwillens.com\/wp-content\/uploads\/2025\/08\/Bildschirmfoto-2025-06-16-um-12.44.10-300x167.png 300w, https:\/\/kollektivdesgutenwillens.com\/wp-content\/uploads\/2025\/08\/Bildschirmfoto-2025-06-16-um-12.44.10-768x426.png 768w, https:\/\/kollektivdesgutenwillens.com\/wp-content\/uploads\/2025\/08\/Bildschirmfoto-2025-06-16-um-12.44.10-1536x853.png 1536w, https:\/\/kollektivdesgutenwillens.com\/wp-content\/uploads\/2025\/08\/Bildschirmfoto-2025-06-16-um-12.44.10-2048x1137.png 2048w\" sizes=\"(max-width: 800px) 100vw, 800px\" \/>\t\t\t\t\t\t\t\t\t\t\t\t\t\t\t<\/div>\n\t\t\t\t<div class=\"elementor-element elementor-element-16446a6 elementor-widget elementor-widget-image\" data-id=\"16446a6\" data-element_type=\"widget\" data-widget_type=\"image.default\">\n\t\t\t\t\t\t\t\t\t\t\t\t\t\t\t<img loading=\"lazy\" decoding=\"async\" width=\"800\" height=\"448\" src=\"https:\/\/kollektivdesgutenwillens.com\/wp-content\/uploads\/2025\/08\/Bildschirmfoto-2025-06-16-um-12.45.17-1024x574.png\" class=\"attachment-large size-large wp-image-405\" alt=\"\" srcset=\"https:\/\/kollektivdesgutenwillens.com\/wp-content\/uploads\/2025\/08\/Bildschirmfoto-2025-06-16-um-12.45.17-1024x574.png 1024w, https:\/\/kollektivdesgutenwillens.com\/wp-content\/uploads\/2025\/08\/Bildschirmfoto-2025-06-16-um-12.45.17-300x168.png 300w, https:\/\/kollektivdesgutenwillens.com\/wp-content\/uploads\/2025\/08\/Bildschirmfoto-2025-06-16-um-12.45.17-768x430.png 768w, https:\/\/kollektivdesgutenwillens.com\/wp-content\/uploads\/2025\/08\/Bildschirmfoto-2025-06-16-um-12.45.17-1536x861.png 1536w, https:\/\/kollektivdesgutenwillens.com\/wp-content\/uploads\/2025\/08\/Bildschirmfoto-2025-06-16-um-12.45.17-2048x1147.png 2048w\" sizes=\"(max-width: 800px) 100vw, 800px\" \/>\t\t\t\t\t\t\t\t\t\t\t\t\t\t\t<\/div>\n\t\t\t\t<div class=\"elementor-element elementor-element-a77caad elementor-widget elementor-widget-image\" data-id=\"a77caad\" data-element_type=\"widget\" data-widget_type=\"image.default\">\n\t\t\t\t\t\t\t\t\t\t\t\t\t\t\t<img loading=\"lazy\" decoding=\"async\" width=\"800\" height=\"446\" src=\"https:\/\/kollektivdesgutenwillens.com\/wp-content\/uploads\/2025\/08\/Bildschirmfoto-2025-06-16-um-12.47.02-1024x571.png\" class=\"attachment-large size-large wp-image-406\" alt=\"\" srcset=\"https:\/\/kollektivdesgutenwillens.com\/wp-content\/uploads\/2025\/08\/Bildschirmfoto-2025-06-16-um-12.47.02-1024x571.png 1024w, https:\/\/kollektivdesgutenwillens.com\/wp-content\/uploads\/2025\/08\/Bildschirmfoto-2025-06-16-um-12.47.02-300x167.png 300w, https:\/\/kollektivdesgutenwillens.com\/wp-content\/uploads\/2025\/08\/Bildschirmfoto-2025-06-16-um-12.47.02-768x428.png 768w, https:\/\/kollektivdesgutenwillens.com\/wp-content\/uploads\/2025\/08\/Bildschirmfoto-2025-06-16-um-12.47.02-1536x857.png 1536w, https:\/\/kollektivdesgutenwillens.com\/wp-content\/uploads\/2025\/08\/Bildschirmfoto-2025-06-16-um-12.47.02-2048x1142.png 2048w\" sizes=\"(max-width: 800px) 100vw, 800px\" \/>\t\t\t\t\t\t\t\t\t\t\t\t\t\t\t<\/div>\n\t\t\t\t<div class=\"elementor-element elementor-element-0e0e8d2 elementor-widget elementor-widget-image\" data-id=\"0e0e8d2\" data-element_type=\"widget\" data-widget_type=\"image.default\">\n\t\t\t\t\t\t\t\t\t\t\t\t\t\t\t<img loading=\"lazy\" decoding=\"async\" width=\"800\" height=\"450\" src=\"https:\/\/kollektivdesgutenwillens.com\/wp-content\/uploads\/2025\/08\/Bildschirmfoto-2025-06-16-um-12.47.34-1024x576.png\" class=\"attachment-large size-large wp-image-407\" alt=\"\" srcset=\"https:\/\/kollektivdesgutenwillens.com\/wp-content\/uploads\/2025\/08\/Bildschirmfoto-2025-06-16-um-12.47.34-1024x576.png 1024w, https:\/\/kollektivdesgutenwillens.com\/wp-content\/uploads\/2025\/08\/Bildschirmfoto-2025-06-16-um-12.47.34-300x169.png 300w, https:\/\/kollektivdesgutenwillens.com\/wp-content\/uploads\/2025\/08\/Bildschirmfoto-2025-06-16-um-12.47.34-768x432.png 768w, https:\/\/kollektivdesgutenwillens.com\/wp-content\/uploads\/2025\/08\/Bildschirmfoto-2025-06-16-um-12.47.34-1536x865.png 1536w, https:\/\/kollektivdesgutenwillens.com\/wp-content\/uploads\/2025\/08\/Bildschirmfoto-2025-06-16-um-12.47.34-2048x1153.png 2048w\" sizes=\"(max-width: 800px) 100vw, 800px\" \/>\t\t\t\t\t\t\t\t\t\t\t\t\t\t\t<\/div>\n\t\t\t\t<div class=\"elementor-element elementor-element-b3e9010 elementor-widget elementor-widget-image\" data-id=\"b3e9010\" data-element_type=\"widget\" data-widget_type=\"image.default\">\n\t\t\t\t\t\t\t\t\t\t\t\t\t\t\t<img loading=\"lazy\" decoding=\"async\" width=\"800\" height=\"445\" src=\"https:\/\/kollektivdesgutenwillens.com\/wp-content\/uploads\/2025\/08\/Bildschirmfoto-2025-06-16-um-12.48.02-1024x569.png\" class=\"attachment-large size-large wp-image-408\" alt=\"\" srcset=\"https:\/\/kollektivdesgutenwillens.com\/wp-content\/uploads\/2025\/08\/Bildschirmfoto-2025-06-16-um-12.48.02-1024x569.png 1024w, https:\/\/kollektivdesgutenwillens.com\/wp-content\/uploads\/2025\/08\/Bildschirmfoto-2025-06-16-um-12.48.02-300x167.png 300w, https:\/\/kollektivdesgutenwillens.com\/wp-content\/uploads\/2025\/08\/Bildschirmfoto-2025-06-16-um-12.48.02-768x427.png 768w, https:\/\/kollektivdesgutenwillens.com\/wp-content\/uploads\/2025\/08\/Bildschirmfoto-2025-06-16-um-12.48.02-1536x854.png 1536w, https:\/\/kollektivdesgutenwillens.com\/wp-content\/uploads\/2025\/08\/Bildschirmfoto-2025-06-16-um-12.48.02-2048x1139.png 2048w\" sizes=\"(max-width: 800px) 100vw, 800px\" \/>\t\t\t\t\t\t\t\t\t\t\t\t\t\t\t<\/div>\n\t\t\t\t<\/div>\n\t\t\t\t<\/div>\n\t\t\t\t\t<\/div>\n\t\t\t\t<\/div>\n\t\t\t\t<\/div>\n\t\t","protected":false},"excerpt":{"rendered":"<p>Roborasenm\u00e4her 2025 MitKai G\u00f6tting, Uwe Schmieder und Claudius Skorski Video Josephine D\u00fcrr, Max Wigger https:\/\/www.youtube.com\/watch?v=dEE2VJkBuUE<\/p>\n","protected":false},"author":1,"featured_media":0,"parent":0,"menu_order":0,"comment_status":"closed","ping_status":"closed","template":"","meta":{"footnotes":""},"class_list":["post-255","page","type-page","status-publish","hentry"],"_links":{"self":[{"href":"https:\/\/kollektivdesgutenwillens.com\/index.php?rest_route=\/wp\/v2\/pages\/255","targetHints":{"allow":["GET"]}}],"collection":[{"href":"https:\/\/kollektivdesgutenwillens.com\/index.php?rest_route=\/wp\/v2\/pages"}],"about":[{"href":"https:\/\/kollektivdesgutenwillens.com\/index.php?rest_route=\/wp\/v2\/types\/page"}],"author":[{"embeddable":true,"href":"https:\/\/kollektivdesgutenwillens.com\/index.php?rest_route=\/wp\/v2\/users\/1"}],"replies":[{"embeddable":true,"href":"https:\/\/kollektivdesgutenwillens.com\/index.php?rest_route=%2Fwp%2Fv2%2Fcomments&post=255"}],"version-history":[{"count":16,"href":"https:\/\/kollektivdesgutenwillens.com\/index.php?rest_route=\/wp\/v2\/pages\/255\/revisions"}],"predecessor-version":[{"id":507,"href":"https:\/\/kollektivdesgutenwillens.com\/index.php?rest_route=\/wp\/v2\/pages\/255\/revisions\/507"}],"wp:attachment":[{"href":"https:\/\/kollektivdesgutenwillens.com\/index.php?rest_route=%2Fwp%2Fv2%2Fmedia&parent=255"}],"curies":[{"name":"wp","href":"https:\/\/api.w.org\/{rel}","templated":true}]}}