{"id":56,"date":"2025-08-08T17:52:02","date_gmt":"2025-08-08T15:52:02","guid":{"rendered":"https:\/\/kollektivdesgutenwillens.com\/?page_id=56"},"modified":"2025-10-08T21:40:12","modified_gmt":"2025-10-08T19:40:12","slug":"home-2","status":"publish","type":"page","link":"https:\/\/kollektivdesgutenwillens.com\/?page_id=56","title":{"rendered":"Home"},"content":{"rendered":"\t\t<div data-elementor-type=\"wp-page\" data-elementor-id=\"56\" class=\"elementor elementor-56\" data-elementor-post-type=\"page\">\n\t\t\t\t<div class=\"elementor-element elementor-element-104ecba e-flex e-con-boxed e-con e-parent\" data-id=\"104ecba\" data-element_type=\"container\">\n\t\t\t\t\t<div class=\"e-con-inner\">\n\t\t<div class=\"elementor-element elementor-element-bc65aa2 e-con-full e-flex e-con e-child\" data-id=\"bc65aa2\" data-element_type=\"container\">\n\t\t\t\t<div class=\"elementor-element elementor-element-e45dc08 elementor-widget elementor-widget-text-editor\" data-id=\"e45dc08\" data-element_type=\"widget\" data-widget_type=\"text-editor.default\">\n\t\t\t\t\t\t\t\t\t<p>Das Kollektiv des Guten Willens ist ein freies, offenes Netzwerk von K\u00fcnstler:innen, die sich zusammentun.<br \/>Entstanden 2020, versteht sich das Kollektiv als Gegenentwurf zu vereinzeltem Produzieren, institutioneller Abh\u00e4ngigkeit und verwertungslogischem Denken im Kunstfeld.<br \/>Wir organisieren uns projektbasiert und situativ \u2013 nicht entlang von Zust\u00e4ndigkeiten, sondern entlang von geteiltem Willen. K\u00fcnstler:innen aller Sparten k\u00f6nnen sich anschlie\u00dfen, Banden bilden, das Label nutzen, Infrastruktur teilen, Antr\u00e4ge schreiben, R\u00e4ume bespielen, Vorhaben anschieben. Nicht in Konkurrenz, sondern in gegenseitiger Erm\u00f6glichung.<br \/>Das Kollektiv dient als soziale und k\u00fcnstlerische Plattform \u2013 als Verst\u00e4rker f\u00fcr gro\u00dfe, komplexe, interdisziplin\u00e4re Vorhaben, die allein schwer umzusetzen w\u00e4ren. Es ist Werkzeug, Zusammenhang und Versuchsanordnung zugleich.<br \/>Dabei ist uns wichtig: Dieses Netzwerk geh\u00f6rt niemandem. Es ist nicht identisch mit den Personen, die es gerade tragen. Es w\u00e4chst, wandelt sich, zersplittert und findet sich neu. Es strebt nicht nach Konsistenz, sondern nach Bewegung \u2013 nach einer anderen Form von Sichtbarkeit, Teilhabe und k\u00fcnstlerischer Pr\u00e4senz im \u00f6ffentlichen Raum.<br \/>Das Kollektiv des Guten Willens glaubt an Kunst als M\u00f6glichkeit \u2013 und an Zusammenarbeit als Voraussetzung f\u00fcr Ver\u00e4nderung.<\/p>\t\t\t\t\t\t\t\t<\/div>\n\t\t\t\t<\/div>\n\t\t<div class=\"elementor-element elementor-element-04db975 e-con-full e-flex e-con e-child\" data-id=\"04db975\" data-element_type=\"container\">\n\t\t\t\t<\/div>\n\t\t\t\t\t<\/div>\n\t\t\t\t<\/div>\n\t\t\t\t<\/div>\n\t\t","protected":false},"excerpt":{"rendered":"<p>Das Kollektiv des Guten Willens ist ein freies, offenes Netzwerk von K\u00fcnstler:innen, die sich zusammentun.Entstanden 2020, versteht sich das Kollektiv als Gegenentwurf zu vereinzeltem Produzieren, institutioneller Abh\u00e4ngigkeit und verwertungslogischem Denken im Kunstfeld.Wir organisieren uns projektbasiert und situativ \u2013 nicht entlang von Zust\u00e4ndigkeiten, sondern entlang von geteiltem Willen. K\u00fcnstler:innen aller Sparten k\u00f6nnen sich anschlie\u00dfen, Banden bilden, [&hellip;]<\/p>\n","protected":false},"author":1,"featured_media":0,"parent":0,"menu_order":0,"comment_status":"closed","ping_status":"closed","template":"elementor_header_footer","meta":{"footnotes":""},"class_list":["post-56","page","type-page","status-publish","hentry"],"_links":{"self":[{"href":"https:\/\/kollektivdesgutenwillens.com\/index.php?rest_route=\/wp\/v2\/pages\/56","targetHints":{"allow":["GET"]}}],"collection":[{"href":"https:\/\/kollektivdesgutenwillens.com\/index.php?rest_route=\/wp\/v2\/pages"}],"about":[{"href":"https:\/\/kollektivdesgutenwillens.com\/index.php?rest_route=\/wp\/v2\/types\/page"}],"author":[{"embeddable":true,"href":"https:\/\/kollektivdesgutenwillens.com\/index.php?rest_route=\/wp\/v2\/users\/1"}],"replies":[{"embeddable":true,"href":"https:\/\/kollektivdesgutenwillens.com\/index.php?rest_route=%2Fwp%2Fv2%2Fcomments&post=56"}],"version-history":[{"count":26,"href":"https:\/\/kollektivdesgutenwillens.com\/index.php?rest_route=\/wp\/v2\/pages\/56\/revisions"}],"predecessor-version":[{"id":524,"href":"https:\/\/kollektivdesgutenwillens.com\/index.php?rest_route=\/wp\/v2\/pages\/56\/revisions\/524"}],"wp:attachment":[{"href":"https:\/\/kollektivdesgutenwillens.com\/index.php?rest_route=%2Fwp%2Fv2%2Fmedia&parent=56"}],"curies":[{"name":"wp","href":"https:\/\/api.w.org\/{rel}","templated":true}]}}