{"id":573,"date":"2025-08-21T20:20:35","date_gmt":"2025-08-21T18:20:35","guid":{"rendered":"https:\/\/kollektivdesgutenwillens.com\/?page_id=573"},"modified":"2025-08-21T21:16:20","modified_gmt":"2025-08-21T19:16:20","slug":"lis-demiri","status":"publish","type":"page","link":"https:\/\/kollektivdesgutenwillens.com\/?page_id=573","title":{"rendered":"Lis Demiri"},"content":{"rendered":"\t\t<div data-elementor-type=\"wp-page\" data-elementor-id=\"573\" class=\"elementor elementor-573\" data-elementor-post-type=\"page\">\n\t\t\t\t<div class=\"elementor-element elementor-element-c9dc28c e-flex e-con-boxed e-con e-parent\" data-id=\"c9dc28c\" data-element_type=\"container\">\n\t\t\t\t\t<div class=\"e-con-inner\">\n\t\t<div class=\"elementor-element elementor-element-9163285 e-con-full e-flex e-con e-child\" data-id=\"9163285\" data-element_type=\"container\">\n\t\t\t\t<div class=\"elementor-element elementor-element-685fd46 elementor-widget elementor-widget-image\" data-id=\"685fd46\" data-element_type=\"widget\" data-widget_type=\"image.default\">\n\t\t\t\t\t\t\t\t\t\t\t\t\t\t\t<img fetchpriority=\"high\" decoding=\"async\" width=\"800\" height=\"534\" src=\"https:\/\/kollektivdesgutenwillens.com\/wp-content\/uploads\/2025\/08\/IMG_5267-1024x683.jpg\" class=\"attachment-large size-large wp-image-360\" alt=\"\" srcset=\"https:\/\/kollektivdesgutenwillens.com\/wp-content\/uploads\/2025\/08\/IMG_5267-1024x683.jpg 1024w, https:\/\/kollektivdesgutenwillens.com\/wp-content\/uploads\/2025\/08\/IMG_5267-300x200.jpg 300w, https:\/\/kollektivdesgutenwillens.com\/wp-content\/uploads\/2025\/08\/IMG_5267-768x512.jpg 768w, https:\/\/kollektivdesgutenwillens.com\/wp-content\/uploads\/2025\/08\/IMG_5267-1536x1024.jpg 1536w, https:\/\/kollektivdesgutenwillens.com\/wp-content\/uploads\/2025\/08\/IMG_5267.jpg 1920w\" sizes=\"(max-width: 800px) 100vw, 800px\" \/>\t\t\t\t\t\t\t\t\t\t\t\t\t\t\t<\/div>\n\t\t\t\t<\/div>\n\t\t<div class=\"elementor-element elementor-element-0b9299e e-con-full e-flex e-con e-child\" data-id=\"0b9299e\" data-element_type=\"container\">\n\t\t\t\t<div class=\"elementor-element elementor-element-391cd6b elementor-widget elementor-widget-heading\" data-id=\"391cd6b\" data-element_type=\"widget\" data-widget_type=\"heading.default\">\n\t\t\t\t\t<h2 class=\"elementor-heading-title elementor-size-default\">Lis Demiri (geboren 2001 in Bochum, DE) studiert Freie Kunst an der\nKunstakademie M\u00fcnster. Seit 2023 ist er Mitglied in der Klasse von Aernout Mik.\nAls K\u00fcnstler hat er an verschiedenen Gruppenausstellungen teilgenommen, wie z.B.\n\u201eBochumer K\u00fcnstlerInnen 2024\u201c im Kunstmuseum Bochum oder \u201eOff the Timeline\u201c\nim project space on the inside, Amsterdam.\nIm technischen Bereich hat er als Tontechniker f\u00fcr diverse TV- und Filmproduktionen\ngearbeitet, u.a. f\u00fcr Produktionen des Kollektivs des Guten Willens.\nEr arbeitet mit Video, Text, Collage und Installation, um Themen wie kulturelle\nIdentit\u00e4t, Konflikte und die Beziehung zwischen Imagination und Erinnerung zu\nuntersuchen.\nSeine Arbeiten bewegen sich oft zwischen dem Poetischen und dem Politischen,\ngepr\u00e4gt von Alltagsmomenten, Archiv Fragmenten und Familiengeschichten.\nEr interessiert mich daf\u00fcr, wie sich unsere Vergangenheit, sowohl f\u00fcr ihn pers\u00f6nlich\nals auch f\u00fcr seine Community, in Geschichten verwandelt, die von Fantasie\ndurchdrungen werden.<\/h2>\t\t\t\t<\/div>\n\t\t\t\t<\/div>\n\t\t\t\t\t<\/div>\n\t\t\t\t<\/div>\n\t\t\t\t<\/div>\n\t\t","protected":false},"excerpt":{"rendered":"<p>Lis Demiri (geboren 2001 in Bochum, DE) studiert Freie Kunst an der Kunstakademie M\u00fcnster. Seit 2023 ist er Mitglied in der Klasse von Aernout Mik. Als K\u00fcnstler hat er an verschiedenen Gruppenausstellungen teilgenommen, wie z.B. \u201eBochumer K\u00fcnstlerInnen 2024\u201c im Kunstmuseum Bochum oder \u201eOff the Timeline\u201c im project space on the inside, Amsterdam. Im technischen Bereich [&hellip;]<\/p>\n","protected":false},"author":1,"featured_media":0,"parent":0,"menu_order":0,"comment_status":"closed","ping_status":"closed","template":"","meta":{"footnotes":""},"class_list":["post-573","page","type-page","status-publish","hentry"],"_links":{"self":[{"href":"https:\/\/kollektivdesgutenwillens.com\/index.php?rest_route=\/wp\/v2\/pages\/573","targetHints":{"allow":["GET"]}}],"collection":[{"href":"https:\/\/kollektivdesgutenwillens.com\/index.php?rest_route=\/wp\/v2\/pages"}],"about":[{"href":"https:\/\/kollektivdesgutenwillens.com\/index.php?rest_route=\/wp\/v2\/types\/page"}],"author":[{"embeddable":true,"href":"https:\/\/kollektivdesgutenwillens.com\/index.php?rest_route=\/wp\/v2\/users\/1"}],"replies":[{"embeddable":true,"href":"https:\/\/kollektivdesgutenwillens.com\/index.php?rest_route=%2Fwp%2Fv2%2Fcomments&post=573"}],"version-history":[{"count":4,"href":"https:\/\/kollektivdesgutenwillens.com\/index.php?rest_route=\/wp\/v2\/pages\/573\/revisions"}],"predecessor-version":[{"id":598,"href":"https:\/\/kollektivdesgutenwillens.com\/index.php?rest_route=\/wp\/v2\/pages\/573\/revisions\/598"}],"wp:attachment":[{"href":"https:\/\/kollektivdesgutenwillens.com\/index.php?rest_route=%2Fwp%2Fv2%2Fmedia&parent=573"}],"curies":[{"name":"wp","href":"https:\/\/api.w.org\/{rel}","templated":true}]}}