{"id":591,"date":"2025-08-21T20:23:13","date_gmt":"2025-08-21T18:23:13","guid":{"rendered":"https:\/\/kollektivdesgutenwillens.com\/?page_id=591"},"modified":"2025-09-01T19:21:53","modified_gmt":"2025-09-01T17:21:53","slug":"max-wigger","status":"publish","type":"page","link":"https:\/\/kollektivdesgutenwillens.com\/?page_id=591","title":{"rendered":"Max Wigger"},"content":{"rendered":"\t\t<div data-elementor-type=\"wp-page\" data-elementor-id=\"591\" class=\"elementor elementor-591\" data-elementor-post-type=\"page\">\n\t\t\t\t<div class=\"elementor-element elementor-element-861af49 e-flex e-con-boxed e-con e-parent\" data-id=\"861af49\" data-element_type=\"container\">\n\t\t\t\t\t<div class=\"e-con-inner\">\n\t\t<div class=\"elementor-element elementor-element-8d31c6c e-con-full e-flex e-con e-child\" data-id=\"8d31c6c\" data-element_type=\"container\">\n\t\t\t\t<div class=\"elementor-element elementor-element-709e1ef elementor-widget elementor-widget-image\" data-id=\"709e1ef\" data-element_type=\"widget\" data-widget_type=\"image.default\">\n\t\t\t\t\t\t\t\t\t\t\t\t\t\t\t<img fetchpriority=\"high\" decoding=\"async\" width=\"200\" height=\"300\" src=\"https:\/\/kollektivdesgutenwillens.com\/wp-content\/uploads\/2025\/08\/PORTRAIT-200x300.jpg\" class=\"attachment-medium size-medium wp-image-345\" alt=\"\" srcset=\"https:\/\/kollektivdesgutenwillens.com\/wp-content\/uploads\/2025\/08\/PORTRAIT-200x300.jpg 200w, https:\/\/kollektivdesgutenwillens.com\/wp-content\/uploads\/2025\/08\/PORTRAIT-683x1024.jpg 683w, https:\/\/kollektivdesgutenwillens.com\/wp-content\/uploads\/2025\/08\/PORTRAIT-768x1152.jpg 768w, https:\/\/kollektivdesgutenwillens.com\/wp-content\/uploads\/2025\/08\/PORTRAIT-1024x1536.jpg 1024w, https:\/\/kollektivdesgutenwillens.com\/wp-content\/uploads\/2025\/08\/PORTRAIT-1365x2048.jpg 1365w, https:\/\/kollektivdesgutenwillens.com\/wp-content\/uploads\/2025\/08\/PORTRAIT-scaled.jpg 1707w\" sizes=\"(max-width: 200px) 100vw, 200px\" \/>\t\t\t\t\t\t\t\t\t\t\t\t\t\t\t<\/div>\n\t\t\t\t<\/div>\n\t\t<div class=\"elementor-element elementor-element-fa1f540 e-con-full e-flex e-con e-child\" data-id=\"fa1f540\" data-element_type=\"container\">\n\t\t\t\t<div class=\"elementor-element elementor-element-3debdf6 elementor-widget elementor-widget-heading\" data-id=\"3debdf6\" data-element_type=\"widget\" data-widget_type=\"heading.default\">\n\t\t\t\t\t<h2 class=\"elementor-heading-title elementor-size-default\">Max Wigger (*1996 in M\u00fcnster) ist K\u00fcnstler und Videograf mit Schwerpunkt auf filmischer Praxis. Er lebt und arbeitet zwischen Wien und M\u00fcnster. Max entwickelt k\u00fcnstlerische Filme, Videoarbeiten und installative Setzungen, die soziale, politische und institutionelle Realit\u00e4ten erforschen. Seine Arbeiten sind oft prozesshaft angelegt und entstehen in interdisziplin\u00e4ren Kontexten \u2013 zwischen Kunst, Theater und dokumentarischer Recherche. Er studierte Freie Kunst an der Kunstakademie M\u00fcnster bei Aernout Mik, mit weiteren Stationen an der HGB Leipzig und der Akademie der bildenden K\u00fcnste Wien. Max arbeitet regelm\u00e4\u00dfig mit Theatern der freien Szene sowie gr\u00f6\u00dferen B\u00fchnen wie dem Schauspielhaus Wien, ThiK Baden oder dem Akademietheater in M\u00fcnchen. Diverse Arbeiten wurden f\u00fcr die Kunstsammlung Chemnitz, das LWL-Museum f\u00fcr Kunst und Kultur sowie die Kunsthalle Baden-Baden entwickelt und gezeigt. Neben seinen filmischen Arbeiten initiierte Max kollektive Projekte wie den Kongress des guten Willens (2022) und schrieb und inszenierte das St\u00fcck Wir, die dasitzen (2022) in der Schweiz.<\/h2>\t\t\t\t<\/div>\n\t\t\t\t<\/div>\n\t\t\t\t\t<\/div>\n\t\t\t\t<\/div>\n\t\t<div class=\"elementor-element elementor-element-1d4f26e e-flex e-con-boxed e-con e-parent\" data-id=\"1d4f26e\" data-element_type=\"container\">\n\t\t\t\t\t<div class=\"e-con-inner\">\n\t\t<div class=\"elementor-element elementor-element-85906f4 e-con-full e-flex e-con e-child\" data-id=\"85906f4\" data-element_type=\"container\">\n\t\t\t\t<div class=\"elementor-element elementor-element-0518ea8 elementor-widget elementor-widget-image\" data-id=\"0518ea8\" data-element_type=\"widget\" data-widget_type=\"image.default\">\n\t\t\t\t\t\t\t\t\t\t\t\t\t\t\t<img decoding=\"async\" width=\"800\" height=\"517\" src=\"https:\/\/kollektivdesgutenwillens.com\/wp-content\/uploads\/2025\/09\/Bildschirmfoto-2025-03-18-um-10.45.53-1024x662.png\" class=\"attachment-large size-large wp-image-644\" alt=\"\" srcset=\"https:\/\/kollektivdesgutenwillens.com\/wp-content\/uploads\/2025\/09\/Bildschirmfoto-2025-03-18-um-10.45.53-1024x662.png 1024w, https:\/\/kollektivdesgutenwillens.com\/wp-content\/uploads\/2025\/09\/Bildschirmfoto-2025-03-18-um-10.45.53-300x194.png 300w, https:\/\/kollektivdesgutenwillens.com\/wp-content\/uploads\/2025\/09\/Bildschirmfoto-2025-03-18-um-10.45.53-768x496.png 768w, https:\/\/kollektivdesgutenwillens.com\/wp-content\/uploads\/2025\/09\/Bildschirmfoto-2025-03-18-um-10.45.53-1536x993.png 1536w, https:\/\/kollektivdesgutenwillens.com\/wp-content\/uploads\/2025\/09\/Bildschirmfoto-2025-03-18-um-10.45.53-2048x1324.png 2048w\" sizes=\"(max-width: 800px) 100vw, 800px\" \/>\t\t\t\t\t\t\t\t\t\t\t\t\t\t\t<\/div>\n\t\t\t\t<div class=\"elementor-element elementor-element-f4d7dc1 elementor-widget elementor-widget-image\" data-id=\"f4d7dc1\" data-element_type=\"widget\" data-widget_type=\"image.default\">\n\t\t\t\t\t\t\t\t\t\t\t\t\t\t\t<img decoding=\"async\" width=\"800\" height=\"516\" src=\"https:\/\/kollektivdesgutenwillens.com\/wp-content\/uploads\/2025\/09\/Bildschirmfoto-2025-03-18-um-10.46.41-1024x661.png\" class=\"attachment-large size-large wp-image-645\" alt=\"\" srcset=\"https:\/\/kollektivdesgutenwillens.com\/wp-content\/uploads\/2025\/09\/Bildschirmfoto-2025-03-18-um-10.46.41-1024x661.png 1024w, https:\/\/kollektivdesgutenwillens.com\/wp-content\/uploads\/2025\/09\/Bildschirmfoto-2025-03-18-um-10.46.41-300x194.png 300w, https:\/\/kollektivdesgutenwillens.com\/wp-content\/uploads\/2025\/09\/Bildschirmfoto-2025-03-18-um-10.46.41-768x496.png 768w, https:\/\/kollektivdesgutenwillens.com\/wp-content\/uploads\/2025\/09\/Bildschirmfoto-2025-03-18-um-10.46.41-1536x992.png 1536w, https:\/\/kollektivdesgutenwillens.com\/wp-content\/uploads\/2025\/09\/Bildschirmfoto-2025-03-18-um-10.46.41-2048x1323.png 2048w\" sizes=\"(max-width: 800px) 100vw, 800px\" \/>\t\t\t\t\t\t\t\t\t\t\t\t\t\t\t<\/div>\n\t\t\t\t<div class=\"elementor-element elementor-element-58e5d43 elementor-widget elementor-widget-image\" data-id=\"58e5d43\" data-element_type=\"widget\" data-widget_type=\"image.default\">\n\t\t\t\t\t\t\t\t\t\t\t\t\t\t\t<img loading=\"lazy\" decoding=\"async\" width=\"800\" height=\"517\" src=\"https:\/\/kollektivdesgutenwillens.com\/wp-content\/uploads\/2025\/09\/Bildschirmfoto-2025-03-18-um-10.47.20-1024x662.png\" class=\"attachment-large size-large wp-image-646\" alt=\"\" srcset=\"https:\/\/kollektivdesgutenwillens.com\/wp-content\/uploads\/2025\/09\/Bildschirmfoto-2025-03-18-um-10.47.20-1024x662.png 1024w, https:\/\/kollektivdesgutenwillens.com\/wp-content\/uploads\/2025\/09\/Bildschirmfoto-2025-03-18-um-10.47.20-300x194.png 300w, https:\/\/kollektivdesgutenwillens.com\/wp-content\/uploads\/2025\/09\/Bildschirmfoto-2025-03-18-um-10.47.20-768x496.png 768w, https:\/\/kollektivdesgutenwillens.com\/wp-content\/uploads\/2025\/09\/Bildschirmfoto-2025-03-18-um-10.47.20-1536x993.png 1536w, https:\/\/kollektivdesgutenwillens.com\/wp-content\/uploads\/2025\/09\/Bildschirmfoto-2025-03-18-um-10.47.20-2048x1324.png 2048w\" sizes=\"(max-width: 800px) 100vw, 800px\" \/>\t\t\t\t\t\t\t\t\t\t\t\t\t\t\t<\/div>\n\t\t\t\t<div class=\"elementor-element elementor-element-55be201 elementor-widget elementor-widget-image\" data-id=\"55be201\" data-element_type=\"widget\" data-widget_type=\"image.default\">\n\t\t\t\t\t\t\t\t\t\t\t\t\t\t\t<img loading=\"lazy\" decoding=\"async\" width=\"800\" height=\"517\" src=\"https:\/\/kollektivdesgutenwillens.com\/wp-content\/uploads\/2025\/09\/Bildschirmfoto-2025-03-18-um-10.47.34-1024x662.png\" class=\"attachment-large size-large wp-image-647\" alt=\"\" srcset=\"https:\/\/kollektivdesgutenwillens.com\/wp-content\/uploads\/2025\/09\/Bildschirmfoto-2025-03-18-um-10.47.34-1024x662.png 1024w, https:\/\/kollektivdesgutenwillens.com\/wp-content\/uploads\/2025\/09\/Bildschirmfoto-2025-03-18-um-10.47.34-300x194.png 300w, https:\/\/kollektivdesgutenwillens.com\/wp-content\/uploads\/2025\/09\/Bildschirmfoto-2025-03-18-um-10.47.34-768x496.png 768w, https:\/\/kollektivdesgutenwillens.com\/wp-content\/uploads\/2025\/09\/Bildschirmfoto-2025-03-18-um-10.47.34-1536x993.png 1536w, https:\/\/kollektivdesgutenwillens.com\/wp-content\/uploads\/2025\/09\/Bildschirmfoto-2025-03-18-um-10.47.34-2048x1324.png 2048w\" sizes=\"(max-width: 800px) 100vw, 800px\" \/>\t\t\t\t\t\t\t\t\t\t\t\t\t\t\t<\/div>\n\t\t\t\t<div class=\"elementor-element elementor-element-a518181 elementor-widget elementor-widget-image\" data-id=\"a518181\" data-element_type=\"widget\" data-widget_type=\"image.default\">\n\t\t\t\t\t\t\t\t\t\t\t\t\t\t\t<img loading=\"lazy\" decoding=\"async\" width=\"800\" height=\"517\" src=\"https:\/\/kollektivdesgutenwillens.com\/wp-content\/uploads\/2025\/09\/Bildschirmfoto-2025-03-18-um-10.47.44-1024x662.png\" class=\"attachment-large size-large wp-image-648\" alt=\"\" srcset=\"https:\/\/kollektivdesgutenwillens.com\/wp-content\/uploads\/2025\/09\/Bildschirmfoto-2025-03-18-um-10.47.44-1024x662.png 1024w, https:\/\/kollektivdesgutenwillens.com\/wp-content\/uploads\/2025\/09\/Bildschirmfoto-2025-03-18-um-10.47.44-300x194.png 300w, https:\/\/kollektivdesgutenwillens.com\/wp-content\/uploads\/2025\/09\/Bildschirmfoto-2025-03-18-um-10.47.44-768x496.png 768w, https:\/\/kollektivdesgutenwillens.com\/wp-content\/uploads\/2025\/09\/Bildschirmfoto-2025-03-18-um-10.47.44-1536x993.png 1536w, https:\/\/kollektivdesgutenwillens.com\/wp-content\/uploads\/2025\/09\/Bildschirmfoto-2025-03-18-um-10.47.44-2048x1324.png 2048w\" sizes=\"(max-width: 800px) 100vw, 800px\" \/>\t\t\t\t\t\t\t\t\t\t\t\t\t\t\t<\/div>\n\t\t\t\t<div class=\"elementor-element elementor-element-6467f09 elementor-widget elementor-widget-image\" data-id=\"6467f09\" data-element_type=\"widget\" data-widget_type=\"image.default\">\n\t\t\t\t\t\t\t\t\t\t\t\t\t\t\t<img loading=\"lazy\" decoding=\"async\" width=\"800\" height=\"517\" src=\"https:\/\/kollektivdesgutenwillens.com\/wp-content\/uploads\/2025\/09\/Bildschirmfoto-2025-03-18-um-10.48.15-1024x662.png\" class=\"attachment-large size-large wp-image-649\" alt=\"\" srcset=\"https:\/\/kollektivdesgutenwillens.com\/wp-content\/uploads\/2025\/09\/Bildschirmfoto-2025-03-18-um-10.48.15-1024x662.png 1024w, https:\/\/kollektivdesgutenwillens.com\/wp-content\/uploads\/2025\/09\/Bildschirmfoto-2025-03-18-um-10.48.15-300x194.png 300w, https:\/\/kollektivdesgutenwillens.com\/wp-content\/uploads\/2025\/09\/Bildschirmfoto-2025-03-18-um-10.48.15-768x496.png 768w, https:\/\/kollektivdesgutenwillens.com\/wp-content\/uploads\/2025\/09\/Bildschirmfoto-2025-03-18-um-10.48.15-1536x993.png 1536w, https:\/\/kollektivdesgutenwillens.com\/wp-content\/uploads\/2025\/09\/Bildschirmfoto-2025-03-18-um-10.48.15-2048x1324.png 2048w\" sizes=\"(max-width: 800px) 100vw, 800px\" \/>\t\t\t\t\t\t\t\t\t\t\t\t\t\t\t<\/div>\n\t\t\t\t<div class=\"elementor-element elementor-element-ad65ea6 elementor-widget elementor-widget-image\" data-id=\"ad65ea6\" data-element_type=\"widget\" data-widget_type=\"image.default\">\n\t\t\t\t\t\t\t\t\t\t\t\t\t\t\t<img loading=\"lazy\" decoding=\"async\" width=\"800\" height=\"517\" src=\"https:\/\/kollektivdesgutenwillens.com\/wp-content\/uploads\/2025\/09\/Bildschirmfoto-2025-03-18-um-09.40.48-1024x662.png\" class=\"attachment-large size-large wp-image-656\" alt=\"\" srcset=\"https:\/\/kollektivdesgutenwillens.com\/wp-content\/uploads\/2025\/09\/Bildschirmfoto-2025-03-18-um-09.40.48-1024x662.png 1024w, https:\/\/kollektivdesgutenwillens.com\/wp-content\/uploads\/2025\/09\/Bildschirmfoto-2025-03-18-um-09.40.48-300x194.png 300w, https:\/\/kollektivdesgutenwillens.com\/wp-content\/uploads\/2025\/09\/Bildschirmfoto-2025-03-18-um-09.40.48-768x496.png 768w, https:\/\/kollektivdesgutenwillens.com\/wp-content\/uploads\/2025\/09\/Bildschirmfoto-2025-03-18-um-09.40.48-1536x993.png 1536w, https:\/\/kollektivdesgutenwillens.com\/wp-content\/uploads\/2025\/09\/Bildschirmfoto-2025-03-18-um-09.40.48-2048x1324.png 2048w\" sizes=\"(max-width: 800px) 100vw, 800px\" \/>\t\t\t\t\t\t\t\t\t\t\t\t\t\t\t<\/div>\n\t\t\t\t<div class=\"elementor-element elementor-element-c3e1985 elementor-widget elementor-widget-image\" data-id=\"c3e1985\" data-element_type=\"widget\" data-widget_type=\"image.default\">\n\t\t\t\t\t\t\t\t\t\t\t\t\t\t\t<img loading=\"lazy\" decoding=\"async\" width=\"800\" height=\"517\" src=\"https:\/\/kollektivdesgutenwillens.com\/wp-content\/uploads\/2025\/09\/Bildschirmfoto-2025-03-18-um-09.41.39-1024x662.png\" class=\"attachment-large size-large wp-image-657\" alt=\"\" srcset=\"https:\/\/kollektivdesgutenwillens.com\/wp-content\/uploads\/2025\/09\/Bildschirmfoto-2025-03-18-um-09.41.39-1024x662.png 1024w, https:\/\/kollektivdesgutenwillens.com\/wp-content\/uploads\/2025\/09\/Bildschirmfoto-2025-03-18-um-09.41.39-300x194.png 300w, https:\/\/kollektivdesgutenwillens.com\/wp-content\/uploads\/2025\/09\/Bildschirmfoto-2025-03-18-um-09.41.39-768x496.png 768w, https:\/\/kollektivdesgutenwillens.com\/wp-content\/uploads\/2025\/09\/Bildschirmfoto-2025-03-18-um-09.41.39-1536x993.png 1536w, https:\/\/kollektivdesgutenwillens.com\/wp-content\/uploads\/2025\/09\/Bildschirmfoto-2025-03-18-um-09.41.39-2048x1324.png 2048w\" sizes=\"(max-width: 800px) 100vw, 800px\" \/>\t\t\t\t\t\t\t\t\t\t\t\t\t\t\t<\/div>\n\t\t\t\t<div class=\"elementor-element elementor-element-24286dc elementor-widget elementor-widget-image\" data-id=\"24286dc\" data-element_type=\"widget\" data-widget_type=\"image.default\">\n\t\t\t\t\t\t\t\t\t\t\t\t\t\t\t<img loading=\"lazy\" decoding=\"async\" width=\"800\" height=\"517\" src=\"https:\/\/kollektivdesgutenwillens.com\/wp-content\/uploads\/2025\/09\/Bildschirmfoto-2025-03-18-um-09.42.38-1024x662.png\" class=\"attachment-large size-large wp-image-658\" alt=\"\" srcset=\"https:\/\/kollektivdesgutenwillens.com\/wp-content\/uploads\/2025\/09\/Bildschirmfoto-2025-03-18-um-09.42.38-1024x662.png 1024w, https:\/\/kollektivdesgutenwillens.com\/wp-content\/uploads\/2025\/09\/Bildschirmfoto-2025-03-18-um-09.42.38-300x194.png 300w, https:\/\/kollektivdesgutenwillens.com\/wp-content\/uploads\/2025\/09\/Bildschirmfoto-2025-03-18-um-09.42.38-768x496.png 768w, https:\/\/kollektivdesgutenwillens.com\/wp-content\/uploads\/2025\/09\/Bildschirmfoto-2025-03-18-um-09.42.38-1536x993.png 1536w, https:\/\/kollektivdesgutenwillens.com\/wp-content\/uploads\/2025\/09\/Bildschirmfoto-2025-03-18-um-09.42.38-2048x1324.png 2048w\" sizes=\"(max-width: 800px) 100vw, 800px\" \/>\t\t\t\t\t\t\t\t\t\t\t\t\t\t\t<\/div>\n\t\t\t\t<div class=\"elementor-element elementor-element-294b6e2 elementor-widget elementor-widget-image\" data-id=\"294b6e2\" data-element_type=\"widget\" data-widget_type=\"image.default\">\n\t\t\t\t\t\t\t\t\t\t\t\t\t\t\t<img loading=\"lazy\" decoding=\"async\" width=\"800\" height=\"516\" src=\"https:\/\/kollektivdesgutenwillens.com\/wp-content\/uploads\/2025\/09\/Bildschirmfoto-2025-03-18-um-09.43.13-1024x660.png\" class=\"attachment-large size-large wp-image-659\" alt=\"\" srcset=\"https:\/\/kollektivdesgutenwillens.com\/wp-content\/uploads\/2025\/09\/Bildschirmfoto-2025-03-18-um-09.43.13-1024x660.png 1024w, https:\/\/kollektivdesgutenwillens.com\/wp-content\/uploads\/2025\/09\/Bildschirmfoto-2025-03-18-um-09.43.13-300x193.png 300w, https:\/\/kollektivdesgutenwillens.com\/wp-content\/uploads\/2025\/09\/Bildschirmfoto-2025-03-18-um-09.43.13-768x495.png 768w, https:\/\/kollektivdesgutenwillens.com\/wp-content\/uploads\/2025\/09\/Bildschirmfoto-2025-03-18-um-09.43.13-1536x990.png 1536w, https:\/\/kollektivdesgutenwillens.com\/wp-content\/uploads\/2025\/09\/Bildschirmfoto-2025-03-18-um-09.43.13-2048x1320.png 2048w\" sizes=\"(max-width: 800px) 100vw, 800px\" \/>\t\t\t\t\t\t\t\t\t\t\t\t\t\t\t<\/div>\n\t\t\t\t<div class=\"elementor-element elementor-element-016d822 elementor-widget elementor-widget-image\" data-id=\"016d822\" data-element_type=\"widget\" data-widget_type=\"image.default\">\n\t\t\t\t\t\t\t\t\t\t\t\t\t\t\t<img loading=\"lazy\" decoding=\"async\" width=\"800\" height=\"517\" src=\"https:\/\/kollektivdesgutenwillens.com\/wp-content\/uploads\/2025\/09\/Bildschirmfoto-2025-03-18-um-09.43.41-1024x662.png\" class=\"attachment-large size-large wp-image-660\" alt=\"\" srcset=\"https:\/\/kollektivdesgutenwillens.com\/wp-content\/uploads\/2025\/09\/Bildschirmfoto-2025-03-18-um-09.43.41-1024x662.png 1024w, https:\/\/kollektivdesgutenwillens.com\/wp-content\/uploads\/2025\/09\/Bildschirmfoto-2025-03-18-um-09.43.41-300x194.png 300w, https:\/\/kollektivdesgutenwillens.com\/wp-content\/uploads\/2025\/09\/Bildschirmfoto-2025-03-18-um-09.43.41-768x496.png 768w, https:\/\/kollektivdesgutenwillens.com\/wp-content\/uploads\/2025\/09\/Bildschirmfoto-2025-03-18-um-09.43.41-1536x993.png 1536w, https:\/\/kollektivdesgutenwillens.com\/wp-content\/uploads\/2025\/09\/Bildschirmfoto-2025-03-18-um-09.43.41-2048x1324.png 2048w\" sizes=\"(max-width: 800px) 100vw, 800px\" \/>\t\t\t\t\t\t\t\t\t\t\t\t\t\t\t<\/div>\n\t\t\t\t<\/div>\n\t\t<div class=\"elementor-element elementor-element-a1d03de e-con-full e-flex e-con e-child\" data-id=\"a1d03de\" data-element_type=\"container\">\n\t\t\t\t<div class=\"elementor-element elementor-element-9974fa5 elementor-widget elementor-widget-video\" data-id=\"9974fa5\" data-element_type=\"widget\" data-settings=\"{&quot;video_type&quot;:&quot;vimeo&quot;}\" data-widget_type=\"video.default\">\n\t\t\t\t\t\t\t<div class=\"elementor-wrapper elementor-open-inline\">\n\t\t\t<iframe class=\"elementor-video-iframe\" allowfullscreen allow=\"clipboard-write\" title=\"vimeo Video Player\" src=\"https:\/\/player.vimeo.com\/video\/907527610?color&amp;autopause=0&amp;loop=0&amp;muted=0&amp;title=1&amp;portrait=1&amp;byline=1#t=\"><\/iframe>\t\t<\/div>\n\t\t\t\t\t\t<\/div>\n\t\t\t\t<div class=\"elementor-element elementor-element-aae69ca elementor-widget elementor-widget-video\" data-id=\"aae69ca\" data-element_type=\"widget\" data-settings=\"{&quot;video_type&quot;:&quot;vimeo&quot;}\" data-widget_type=\"video.default\">\n\t\t\t\t\t\t\t<div class=\"elementor-wrapper elementor-open-inline\">\n\t\t\t<iframe class=\"elementor-video-iframe\" allowfullscreen allow=\"clipboard-write\" title=\"vimeo Video Player\" src=\"https:\/\/player.vimeo.com\/video\/806009845?color&amp;autopause=0&amp;loop=0&amp;muted=0&amp;title=1&amp;portrait=1&amp;byline=1#t=\"><\/iframe>\t\t<\/div>\n\t\t\t\t\t\t<\/div>\n\t\t\t\t<\/div>\n\t\t\t\t\t<\/div>\n\t\t\t\t<\/div>\n\t\t\t\t<\/div>\n\t\t","protected":false},"excerpt":{"rendered":"<p>Max Wigger (*1996 in M\u00fcnster) ist K\u00fcnstler und Videograf mit Schwerpunkt auf filmischer Praxis. Er lebt und arbeitet zwischen Wien und M\u00fcnster. Max entwickelt k\u00fcnstlerische Filme, Videoarbeiten und installative Setzungen, die soziale, politische und institutionelle Realit\u00e4ten erforschen. Seine Arbeiten sind oft prozesshaft angelegt und entstehen in interdisziplin\u00e4ren Kontexten \u2013 zwischen Kunst, Theater und dokumentarischer Recherche. [&hellip;]<\/p>\n","protected":false},"author":1,"featured_media":0,"parent":0,"menu_order":0,"comment_status":"closed","ping_status":"closed","template":"","meta":{"footnotes":""},"class_list":["post-591","page","type-page","status-publish","hentry"],"_links":{"self":[{"href":"https:\/\/kollektivdesgutenwillens.com\/index.php?rest_route=\/wp\/v2\/pages\/591","targetHints":{"allow":["GET"]}}],"collection":[{"href":"https:\/\/kollektivdesgutenwillens.com\/index.php?rest_route=\/wp\/v2\/pages"}],"about":[{"href":"https:\/\/kollektivdesgutenwillens.com\/index.php?rest_route=\/wp\/v2\/types\/page"}],"author":[{"embeddable":true,"href":"https:\/\/kollektivdesgutenwillens.com\/index.php?rest_route=\/wp\/v2\/users\/1"}],"replies":[{"embeddable":true,"href":"https:\/\/kollektivdesgutenwillens.com\/index.php?rest_route=%2Fwp%2Fv2%2Fcomments&post=591"}],"version-history":[{"count":16,"href":"https:\/\/kollektivdesgutenwillens.com\/index.php?rest_route=\/wp\/v2\/pages\/591\/revisions"}],"predecessor-version":[{"id":663,"href":"https:\/\/kollektivdesgutenwillens.com\/index.php?rest_route=\/wp\/v2\/pages\/591\/revisions\/663"}],"wp:attachment":[{"href":"https:\/\/kollektivdesgutenwillens.com\/index.php?rest_route=%2Fwp%2Fv2%2Fmedia&parent=591"}],"curies":[{"name":"wp","href":"https:\/\/api.w.org\/{rel}","templated":true}]}}